**2 - 15*v - 19. Calculate n(-11).
25
Let g(b) = -b + 44. What is g(35)?
9
Let a(n) = -2*n - 2. Determine a(-1).
0
Let u(d) = -2*d + 1. Calculate u(8).
-15
Let n(b) = -4*b - 59. Determine n(-15).
1
Let o(v) = -3*v**2 + 81*v - 201. Give o(24).
15
Let f(h) = h**2 - 2*h - 2. Determine f(-4).
22
Let u(l) = -4*l + 101. Determine u(17).
33
Let u(i) = -2*i**2 - 2*i + 32. Calculate u(4).
-8
Let x(h) = -h**2 - 32*h + 71. Determine x(-34).
3
Let f(x) = x**3 - 8*x**2 + 9*x - 15. Determine f(7).
-1
Let k(h) = 49*h - 924. Determine k(19).
7
Let n(u) = -3*u**3 + 2*u**2 - u. Give n(-2).
34
Let i(v) = -90*v**2 - 1. Determine i(1).
-91
Let x(u) = -5*u**3 - u**2. Give x(-1).
4
Let b(y) = y**3 + 15*y**2 + 12*y - 20. What is b(-14)?
8
Let g(v) = 13*v - 37. Determine g(2).
-11
Let d(o) = -o**3 - 13*o**2 - 21*o + 16. What is d(-11)?
5
Let m(t) = 5*t**2 - 30*t + 1. Give m(6).
1
Let x(c) = c**2 + 65*c + 354. Give x(-59).
0
Let x(l) = -7*l. Determine x(-2).
14
Let c(r) = 30*r + 5. Determine c(-1).
-25
Let g(s) = -s - 34. Give g(-26).
-8
Let n(v) = -v**3 + 8*v**2 + 5*v - 32. Calculate n(6).
70
Let w(v) = v**3 + 5*v**2 + 2*v - 12. Calculate w(-5).
-22
Let d(k) = -2*k**2 - 2. Calculate d(3).
-20
Let b(t) = -8*t - 45. Give b(-7).
11
Let q(a) = a**3 - 7*a**2 + 10*a - 22. Calculate q(6).
2
Let l(n) = -2*n**2 - 14*n - 14. Give l(-7).
-14
Let g(o) = -9*o + 7. Calculate g(4).
-29
Let l(f) = 6*f + 77. Give l(-20).
-43
Let x(o) = 4*o**2 + 2. Determine x(4).
66
Let h(r) = -r**3 + 27*r**2 - 27*r + 19. Give h(26).
-7
Let v(b) = b**3 - 12*b**2 - 12*b. Give v(13).
13
Let z(i) = i**2 - 5*i - 1. Determine z(6).
5
Let x(g) = -g**2 + g + 11. Give x(-4).
-9
Let j(i) = 7*i + 140. Give j(-20).
0
Let r(i) = i - 8. Give r(10).
2
Let q(i) = -3*i**2 + 11*i - 4. Determine q(3).
2
Let c(p) = p**3 - 20*p**2 - 22*p + 7. Give c(21).
-14
Let f(v) = v**3 - 3*v**2 + 22*v - 60. Calculate f(3).
6
Let s(x) = -x**3 - 8*x**2 - 11*x - 186. What is s(-9)?
-6
Let u(c) = 9*c - 60. Determine u(6).
-6
Let j(l) = -l**2 + 15*l - 4. Calculate j(15).
-4
Let i(h) = h**2 + 10*h + 19. What is i(-5)?
-6
Let d(c) = c**3 + 4*c**2 - 7*c - 15. What is d(-5)?
-5
Let j(u) = 8*u**3 - u**2 + 1. What is j(-1)?
-8
Let v(r) = -r**3 - 4*r**2 + 5*r - 5. Calculate v(-5).
-5
Let y(g) = 2*g + 5. Give y(-5).
-5
Let l(h) = h**2 - 7*h + 2. Determine l(8).
10
Let k(v) = v**2 + 4*v - 15. Calculate k(-7).
6
Let v(n) = -n**2 + 20*n + 24. Determine v(21).
3
Let j(a) = a**3 - 6*a**2 + 4*a + 4. Give j(6).
28
Let f(a) = -a**3 + 5*a**2 + 7*a - 5. Give f(6).
1
Let x(s) = s**2 - 8*s - 8. Determine x(10).
12
Let k(q) = -4*q**2 + q + 7. Calculate k(-2).
-11
Let n(c) = -7*c**2 - 4*c - 5. What is n(-3)?
-56
Let h(j) = 2*j**2 - 8*j - 16. Give h(7).
26
Let g(r) = -30*r. Give g(2).
-60
Let f(v) = v**3 + v**2 - 2*v - 7. What is f(-3)?
-19
Let b(p) = -p**2 - 4*p - 6. What is b(-7)?
-27
Let o(i) = i**2 - i - 3. Give o(-3).
9
Let i(l) = -l**3 - 9*l**2 - 11*l - 19. What is i(-8)?
5
Let u(r) = 2*r + 39. Give u(-16).
7
Let r(v) = -4*v + 51. Determine r(13).
-1
Let b(s) = 3*s - 8. Give b(3).
1
Let d(r) = -2*r**2 - 2*r + 11. What is d(-4)?
-13
Let h(v) = -18*v**2 - v - 1. Determine h(2).
-75
Let h(s) = 7*s + 9. Calculate h(-7).
-40
Let u(a) = -a**2 + 3*a - 1. Determine u(4).
-5
Let f(a) = 2*a + 2. Determine f(8).
18
Let v(t) = -6*t - 45. Calculate v(12).
-117
Let q(z) = z**3 - 14*z**2 + 4*z - 56. Calculate q(14).
0
Let t(c) = 2*c**2 + 27*c + 79. What is t(-9)?
-2
Let k(i) = i**2 + 13*i - 20. Calculate k(-14).
-6
Let o(r) = -r**2 + 8*r - 7. Give o(7).
0
Let c(u) = u**3 - 3*u**2 - 3*u - 10. Calculate c(3).
-19
Let g(r) = r**3 + 12*r**2 - 16*r + 5. Calculate g(-13).
44
Let g(z) = 9*z. Calculate g(1).
9
Let g(x) = -x**2 + 7*x - 2. Calculate g(6).
4
Let h(v) = v**3 - 18*v**2 + 44*v + 25. Calculate h(15).
10
Let b(s) = -7*s - 79. Give b(-11).
-2
Let s(q) = 2*q**2 - 17*q + 13. What is s(8)?
5
Let z(l) = 11*l**3 - 2*l**2 - 4*l + 5. Give z(1).
10
Let n(t) = 5*t - 22. Determine n(6).
8
Let w(b) = b**2 + 5*b - 10. Determine w(3).
14
Let b(x) = 4*x - 126. Determine b(31).
-2
Let k(d) = -8*d + 72. What is k(8)?
8
Let w(s) = 7*s + 39. What is w(-4)?
11
Let o(p) = -23*p**2 + p - 1. What is o(1)?
-23
Let a(b) = -4*b - 16. Calculate a(-12).
32
Let r(p) = 28*p + 2. Calculate r(-1).
-26
Let k(f) = f**3 - 30*f**2 - 31*f - 2. Determine k(31).
-2
Let p(t) = -2*t**3 + 7*t**2. Calculate p(3).
9
Let s(u) = 36*u - 176. What is s(5)?
4
Let q(z) = -2*z**2 - 45*z - 151. Calculate q(-18).
11
Let v(i) = i + 9. Determine v(-9).
0
Let q(a) = 7*a**2 + 4*a + 1. Determine q(-3).
52
Let z(y) = 16*y**3 - 3*y**2 + 3*y - 1. Determine z(1).
15
Let g(f) = -f**3 + 14*f**2 - 22*f - 28. Calculate g(12).
-4
Let w(r) = r**2 - 4*r + 7. Calculate w(2).
3
Let o(i) = -3*i + 4. Calculate o(-10).
34
Let w(z) = -2*z**3 - 14*z**2 - 3. What is w(-7)?
-3
Let a(g) = -60*g**2 - 3*g. What is a(-1)?
-57
Let l(t) = -t**3 - 8*t**2 - 7*t + 4. What is l(-7)?
4
Let f(g) = -g**2 + 2*g + 17. Give f(0).
17
Let i(p) = 2*p + 30. Determine i(-19).
-8
Let i(u) = u + 3. What is i(1)?
4
Let p(d) = 18*d + 343. Calculate p(-19).
1
Let s(q) = 7*q + 17. Determine s(-3).
-4
Let u(k) = k**2 + 9*k - 16. What is u(-9)?
-16
Let h(v) = -27*v - 74. Give h(-12).
250
Let h(d) = 6*d + 3. Give h(-2).
-9
Let m(n) = -n**3 + 1. What is m(-1)?
2
Let f(p) = p**2 + 3*p - 1. Calculate f(-4).
3
Let r(s) = s**2 + 4*s - 72. Determine r(7).
5
Let b(t) = -t**2 - 17*t - 24. What is b(-13)?
28
Let t(f) = -f**2 - 12*f - 23. Give t(-9).
4
Let g(o) = o**3 + 6*o**2 + 2*o - 2. Give g(-4).
22
Let u(c) = 3*c - 16. Determine u(6).
2
Let b(r) = -r**3 + 7*r**2 - 12*r + 5. Determine b(6).
-31
Let b(s) = s**3 - 9*s**2 + 17*s + 11. Determine b(6).
5
Let l(y) = -y + 34. Give l(27).
7
Let u(f) = 6*f**2 + 4*f - 4. Give u(2).
28
Let n(u) = -2*u + 4. Give n(-6).
16
Let o(g) = -g**2 - 10*g + 23. Calculate o(-12).
-1
Let f(o) = o - 2. Calculate f(9).
7
Let h(x) = 2*x - 6. What is h(0)?
-6
Let h(x) = x**3 - 15*x**2 + 14*x. Calculate h(14).
0
Let g(k) = k**3 - k**2 - k. Calculate g(3).
15
Let o(s) = s**2 + 33*s + 51. Give o(-31).
-11
Let s(v) = -v**2 + 15*v - 14. Give s(14).
0
Let c(g) = -g - 5. What is c(-6)?
1
Let r(v) = -v**3 + 15*v**2 - 26*v + 26. Calculate r(13).
26
Let k(u) = u**3 - 3*u**2 - 2*u + 2. Determine k(-2).
-14
Let i(x) = -x**3 - 5*x**2 - 5*x + 5. Calculate i(-5).
30
Let l(p) = -p**3 - 6*p**2 + 10*p + 78. Calculate l(-6).
18
Let k(n) = n**3 + 10*n**2 + 17*n + 1. What is k(-8)?
-7
Let s(j) = 2*j - 58. Calculate s(-26).
-110
Let k(n) = -4*n**3 - n**2 + 2*n + 3. Calculate k(2).
-29
Let j(k) = -k**3 + 9*k**2 - k - 3. What is j(9)?
-12
Let r(n) = -3*n + 59. Calculate r(9).
32
Let i(t) = t**2 + 7*t + 8. Determine i(-7).
8
Let v(x) = -2*x**3 - 8*x**2 - 6*x - 1. Calculate v(-3).
-1
Let j(z) = -z**2 - 16*z + 14. What is j(-17)?
-3
Let y(p) = p**2 + 9*p + 3. What is y(-7)?
-11
Let i(j) = -3*j + 8. Give i(2).
2
Let k(a) = a**3 - 2*a**2 - 5*a + 7. Give k(3).
1
Let k(d) = -d**3 + 13*d**2 + 9*d + 32. Determine k(14).
-38
Let g(o) = 3*o**3 + 3*o**2 - 4. Determine g(-2).
-16
Let k(o) = -10*o + 56. Calculate k(11).
-54
Let w(g) = -4*g**2 - 4*g + 29. Give w(-4).
-19
Let r(y) = -y - 15. Calculate r(-9).
-6
Let f(q) = -8*q + 285. Give f(34).
13
Let k(v) = v. Give k(-1).
-1
Let z(s) = 9*s**2 - 10*s - 4. What is z(3)?
47
Let x(j) = j**3 - 8*j**2 - 2*j + 13. What is x(8)?
-3
Let z(a) = a**3 - 13*a**2 + 9*a - 1. Give z(11).
-144
Let s(t) = t**2 - 14*t - 2. Give s(10).
-42
Let y(b) = 2*b**2 + 29*b - 46. Calculate y(-16).
2
Let v(s) = s**2 + 10*s + 5. Calculate v(10).
205
Let n(j) = -j**3 - 18*j**2 + 3*j + 23. Give n(-18).
-31
Let l(x) = 3*x**2 - 2. Determine l(-3).
25
Let q(j) = j**2 + 17*j + 11. Give q(-14).
-31
Let q(k) = -k + 30. Calculate q(5).
25
Let y(f) = -8*f + 393. Determine y(46).
25
Let o(c) = -3*c**2 + 2*c + 5. Give o(3).
-16
Let l(u) = -5*u - 33. What is l(0)?
-33
Let f(o) = o**3 + 7*o**2 - 7*o - 44. Determine f(-7).
5
Let x(z) = z**2 + 67*z - 610. Give x(8).
-10
Let i(u) = -u**3 - 3*u**2 + 5*u + 22. Calculate i(-3).
7
Let s(w) = w**2 - 14*w - 93. Give s(18).
-21
Let u(p) = 20*p - 127. Calculate u(9).
53
Let s(n) = -n**2 + 10*n - 18. Calculate s(9).
-9
Let v(m) = m**3 - 5*m**2 - 3*m + 4. What is v(4)?
-24
Let m(r) = r**3 - 29*r**2 + 2*r - 38. Calculate m(29).
20
Let x(z) = -4*z + 